ose -4*t + 75 = -5*n, t - n = 2*t - 21. What is the remainder when v is divided by t?
17
Let g = -35 - -163. Suppose 3*w = 7*w - g. Calculate the remainder when w is divided by 19.
13
Suppose 0 = 5*f - 4*a - 731, -3*f + f + 3*a + 291 = 0. What is the remainder when f is divided by 40?
27
Suppose -h + 2*h + 91 = 2*n, 0 = -3*n + 2*h + 137. Suppose 35 = 2*v + 3*v. Calculate the remainder when (n/6 - -2)*2 is divided by v.
5
Let x(p) = p + 6. Let a be x(-4). Let u(c) = 4 + 0 + c - a*c. What is the remainder when 19 is divided by u(-3)?
5
Let p = 2 + 4. Suppose -3*s - 60 = -p*s. Suppose -5*k = 5*t - s, 4*k + t - 21 = 1. What is the remainder when 15 is divided by k?
3
Let m(b) = -3*b**3 + 33*b**2 - 17*b + 2. Calculate the remainder when m(10) is divided by 37.
21
Let n(q) = q**3 + 7*q**2 - 3*q - 8. Let h(z) = z**2 + 9*z - 1. Let b be h(-9). Let a be ((-6)/(-4))/b*4. What is the remainder when n(a) is divided by 12?
10
Let v = 2586 + -2559. Calculate the remainder when 173 is divided by v.
11
Suppose 4*v = 4*k + 364, 0 = -3*v + 5*v - k - 184. What is the remainder when 185 is divided by v?
92
Suppose 4*g - 5*g = -3*w - 2219, 2*g - 4426 = 2*w. Calculate the remainder when g is divided by 79.
77
Let o(l) = 10 - 21 - 6*l - 17 - 2. Suppose -q = -5*q - 48. Calculate the remainder when o(q) is divided by 15.
12
Calculate the remainder when 2420/44 + (-2 - 3)*1 is divided by 35.
15
Suppose -4*y + 34 = -22. Suppose -y*x + 8*x + 216 = 0. Suppose 4*m = 269 + 11. Calculate the remainder when m is divided by x.
34
Let x(d) = -d + 19. Let i be x(8). Suppose 5*a - 2*w - 49 = 0, -52 + i = -5*a - 2*w. Calculate the remainder when a is divided by 2.
1
Suppose 3*s - 4*h + 52 = 0, s - h - 2 = -20. What is the remainder when -3 + 2 - (s - 1) is divided by 7?
6
Suppose 0 = -3*s + 2*h + 64, s - h - 7 = 16. Suppose s = 4*d - 2, 5*l = -3*d + 100. What is the remainder when l is divided by 10?
7
Let x = 503 + -479. What is the remainder when 44 is divided by x?
20
Suppose 22*r - 84 = 19*r. Suppose 2*m + r = 3*w, -2*w - 2*m = w - 32. Calculate the remainder when 39 is divided by w.
9
Let r = -62 + 47. Let j = r - -22. Calculate the remainder when 11 is divided by j.
4
Let j(s) = s**2 + 29*s - 201. What is the remainder when j(-37) is divided by 50?
45
Let w = 1 + 12. Suppose -19 - 26 = 3*q. What is the remainder when w is divided by (20/q)/4*-15?
3
Let a = -562 - -391. Let m be (-4)/(-6)*a/6. What is the remainder when m/(2/((-6)/3)) is divided by 7?
5
Let m = 460 - 453. Calculate the remainder when 530 is divided by m.
5
Let r = 23 + -18. Suppose -r*m + 77 + 23 = 0. Calculate the remainder when 77 is divided by m.
17
Let j(s) = 3*s + 52. Calculate the remainder when j(-14) is divided by 2 - (-1 + 2 + -3).
2
Suppose -568 - 1592 = -20*w. What is the remainder when w is divided by ((-1)/(-3))/(2/132)?
20
Let i = -48 + 27. Let d = 40 + i. Suppose 0 = -0*c - 2*c - 3*z + 71, -3*z = c - 37. Calculate the remainder when c is divided by d.
15
Suppose 0*j + 3*j - 36 = 0. Suppose -j*p - 66 = -14*p. Suppose -25 = -4*a + 5*g + p, -a - g = -19. Calculate the remainder when 65 is divided by a.
14
Let n(p) = 186*p**2 - 2*p + 1. Calculate the remainder when n(1) is divided by 19.
14
Let z be (-1)/4*-6*12. Suppose 17 = -2*p + 3*s, -4*p - z = -s + 1. What is the remainder when 37 is divided by 18 - (p/2 + 0)?
17
Calculate the remainder when -1*45/5 + 44 is divided by 21.
14
Suppose -8*w = -4*w. Suppose w = 5*o - 37 - 48. What is the remainder when 49 is divided by o?
15
Suppose -5*t + 76 = -64. Let q(k) = 25*k + 20. What is the remainder when q(2) is divided by t?
14
Let w = 1107 - 679. Calculate the remainder when w is divided by 11.
10
Let y(t) = t**3 + 7*t**2 + 7*t. Let l(h) be the second derivative of -29*h**3/6 + 3*h. What is the remainder when l(-2) is divided by y(-5)?
13
What is the remainder when 445 is divided by (-2)/1 + (-4 - -13 - -3)?
5
Let l(q) = -64*q + 5. What is the remainder when l(-1) is divided by 18?
15
Calculate the remainder when 35 is divided by (-6)/(-8) + 156/48.
3
Let t = 8 + 45. Suppose -27 = m + 2*m. Let s(z) = z**2 + 6*z - 9. Calculate the remainder when t is divided by s(m).
17
Suppose -385 = -5*c + 4*i, -2*c - i + 40 + 114 = 0. Suppose 153*v - 182 = 139*v. What is the remainder when c is divided by v?
12
Let y be (-7)/((-56)/12)*18. Suppose -4*h = -5*c + 21, c + 4*c + 2*h = y. Suppose g - c = 14. What is the remainder when 56 is divided by g?
18
Suppose 7*z - 4*z = 9. Let g = -12 + 23. Suppose -z*h = -1 - g. Calculate the remainder when h is divided by 2.
0
Let m(f) = 22*f**2 - 12*f - 5. What is the remainder when m(5) is divided by 70?
65
Let a = 79 + 63. Calculate the remainder when a is divided by 16.
14
Suppose -3*y = 4*x - 6, -1 = x + 2. Suppose -27 = -9*c + y*c. Suppose 85 = 6*a - a. Calculate the remainder when a is divided by c.
8
Let t = -755 - -1168. What is the remainder when t is divided by 13?
10
Suppose 3*g - 11 = -11*r + 10*r, 5*r - 4*g - 112 = 0. What is the remainder when 157 is divided by r?
17
Suppose w = 2*f + 50, -17*f = -3*w - 22*f + 205. What is the remainder when 175 is divided by w?
55
Let q = -13 + 14. Suppose q = 4*c - 19. What is the remainder when 6 is divided by c?
1
Let h = -31 + 45. Suppose -4*m - x = 250 + 15, 4*x + 202 = -3*m. Let s = m - -120. Calculate the remainder when s is divided by h.
12
Let m be (2 - 3)/((9/(-3))/108). Suppose -k + m = 8. What is the remainder when k is divided by 11?
6
Suppose -96 + 348 = 7*z. Let k = 27 + 44. Calculate the remainder when k is divided by z.
35
Suppose -17*g + 50*g - 627 = 0. What is the remainder when 22 is divided by g?
3
Suppose -7*n + 4 + 38 = 0. What is the remainder when 41 is divided by n?
5
Let a be (3*(-4)/(-12))/(1/84). Let p = 111 - a. What is the remainder when 105 is divided by p?
24
Suppose i + w - 5 = 6, -i - 1 = -5*w. Suppose i = -a + y, 4*y + 6 + 6 = 0. Calculate the remainder when (-24 + a/4)/(-1) is divided by 7.
6
Let i be (-2)/12 - (795/(-18) + 4). Suppose 4*o = 5*p - 92, 14 = 3*p - 2*o - i. What is the remainder when 125 is divided by p?
13
Let k(q) = -5*q + 2. Let f(j) = j**3 - 11*j**2 - 3. Let d be f(11). Let y = -152 - -217. What is the remainder when y is divided by k(d)?
14
Suppose -4*l + 114 = 5*m, -m + 5*m = -4*l + 112. Calculate the remainder when l is divided by 22.
4
Suppose 6*z + z - 231 = 0. Calculate the remainder when 494 is divided by z.
32
Let n = 1534 + -1495. What is the remainder when 542 is divided by n?
35
Suppose 5*b = -10, 3*b + 38 = 2*w - 6. Calculate the remainder when 73 is divided by w.
16
Suppose 7 = -3*b - 14. Let k(h) = -2*h + 8. Calculate the remainder when k(b) is divided by 30/5 + 0/2.
4
Let h(t) = -t**3 - 5*t**2 + 3*t - 6. Suppose 21 + 18 = -4*j + 3*a, 2*a = 10. What is the remainder when 71 is divided by h(j)?
11
Suppose 8*i - 6*i - 138 = 0. Suppose -115 = -2*z + 29. Suppose z = -0*t + 4*t. What is the remainder when i is divided by t?
15
Suppose -2*s + 2*p + 58 = -36, 3*s - 4*p = 137. What is the remainder when 150 is divided by s?
48
What is the remainder when 49 is divided by ((-585)/(-60))/(2/((-8)/(-3)))?
10
Let q = -41 + 68. Suppose -3*j - 6 = 2*m - 151, -3*j + 143 = 4*m. What is the remainder when j is divided by q?
22
What is the remainder when 380 is divided by (-8)/(-140)*-10 + 340/7?
44
Suppose -4*t + o = -2*o - 24, -t - 2*o + 6 = 0. Suppose -t*x = -9 - 87. Calculate the remainder when x is divided by 9.
7
Let t = 3944 + -2681. What is the remainder when t is divided by 55?
53
Suppose -3*z + v + 345 - 187 = 0, -26 = -z - 5*v. Calculate the remainder when z is divided by 42.
9
Suppose 4*f = -2*x + 144 + 706, 5*f + x - 1067 = 0. What is the remainder when f is divided by 22?
16
What is the remainder when 92 is divided by 5 + (7 - 10/1)?
0
What is the remainder when 249 is divided by ((-129)/(-27) + -11)/((-2)/9)?
25
Let f = 5 + -2. Let r(u) = 2*u**2 - 5*u - 4. Let p(m) = -4*m**2 + 11*m + 8. Let o(y) = 2*p(y) + 5*r(y). What is the remainder when o(3) is divided by f?
2
Let n be ((-5)/(-15))/(3/18). Suppose -19 = -n*d + 11. What is the remainder when 70 is divided by d?
10
Let r(p) = 2*p**3 - 60*p**2 + 2*p + 7. Calculate the remainder when r(30) is divided by 27.
13
Let n = 117 + -112. Suppose 8*a - 3*a - 95 = 5*z, -2